{"id":3317,"date":"2025-11-08T10:40:07","date_gmt":"2025-11-08T10:40:07","guid":{"rendered":"https:\/\/www.viennamagic.com\/?post_type=product&#038;p=3317"},"modified":"2025-11-08T10:40:07","modified_gmt":"2025-11-08T10:40:07","slug":"magic-toy","status":"publish","type":"product","link":"https:\/\/www.viennamagic.com\/?product=magic-toy","title":{"rendered":"Magic Toy"},"content":{"rendered":"<p>Show the audience a cute teddy bear box. Every side is clearly visible, nothing to hide.\u00a0It&#8217;s completely empty\u2026 or so it seems.\u00a0With a magical gesture, right before the spectators&#8216; eyes, a beautiful teddy bear suddenly appears , fully formed, colorful, and the size of the box!<\/p>\n<p>A visual, instant, and surprising production that amazes both kids and adults alike.<\/p>\n<p>The Toy Box is designed to fit any performance setting: Close-up, Street magic, Parties, Kids\u2019 shows, Stage.<\/p>\n<p>The set includes:<br \/>\n\u2022 the teddy bear box;<br \/>\n\u2022 the secret gimmick;<br \/>\n\u2022 a teddy bear.<\/p>\n<p>Zeigen Sie dem Publikum eine niedliche Teddyb\u00e4r-Box. Jede Seite ist deutlich sichtbar, nichts zu verbergen. Es ist v\u00f6llig leer&#8230; Zumindest scheint es so. Mit einer magischen Geste, direkt vor den Augen der Zuschauer, erscheint pl\u00f6tzlich ein wundersch\u00f6ner Teddyb\u00e4r , voll geformt, bunt und so gro\u00df wie die Schachtel!<\/p>\n<p>Eine visuelle, unmittelbare und \u00fcberraschende Produktion, die sowohl Kinder als auch Erwachsene in Erstaunen versetzt.<\/p>\n<p>Die Toybox ist so konzipiert, dass sie zu jeder Performance-Umgebung passt:<\/p>\n<p>Nahaufnahme, Stra\u00dfenmagie, Partys, Kindershows, B\u00fchne.<\/p>\n<p>Das Set enth\u00e4lt:<br \/>\n\u2022 die Teddyb\u00e4r-Box;<br \/>\n\u2022 Das geheime Gimmick;<br \/>\n\u2022 Ein Teddyb\u00e4r.<\/p>\n","protected":false},"excerpt":{"rendered":"<p>Show the audience a cute teddy bear box. Every side is clearly visible, nothing to hide.\u00a0It&#8217;s completely empty\u2026 or so it seems.\u00a0With a magical gesture, right before the spectators&#8216; eyes, a beautiful teddy bear suddenly appears , fully formed, colorful, and the size of the box! A visual, instant, and surprising production that amazes both [&hellip;]<\/p>\n","protected":false},"featured_media":3318,"comment_status":"open","ping_status":"closed","template":"","meta":[],"product_brand":[],"product_cat":[27,65,71],"product_tag":[],"class_list":{"0":"post-3317","1":"product","2":"type-product","3":"status-publish","4":"has-post-thumbnail","6":"product_cat-buehne","7":"product_cat-comedy-2","8":"product_cat-kids-magic-2","10":"first","11":"instock","12":"taxable","13":"shipping-taxable","14":"purchasable","15":"product-type-simple"},"yoast_head":"<!-- This site is optimized with the Yoast SEO plugin v27.3 - https:\/\/yoast.com\/product\/yoast-seo-wordpress\/ -->\n<title>Magic Toy - Vienna Magic<\/title>\n<meta name=\"robots\" content=\"index, follow, max-snippet:-1, max-image-preview:large, max-video-preview:-1\" \/>\n<link rel=\"canonical\" href=\"https:\/\/www.viennamagic.com\/?product=magic-toy\" \/>\n<meta property=\"og:locale\" content=\"de_DE\" \/>\n<meta property=\"og:type\" content=\"article\" \/>\n<meta property=\"og:title\" content=\"Magic Toy - Vienna Magic\" \/>\n<meta property=\"og:description\" content=\"Show the audience a cute teddy bear box. Every side is clearly visible, nothing to hide.\u00a0It&#8217;s completely empty\u2026 or so it seems.\u00a0With a magical gesture, right before the spectators&#8216; eyes, a beautiful teddy bear suddenly appears , fully formed, colorful, and the size of the box! A visual, instant, and surprising production that amazes both [&hellip;]\" \/>\n<meta property=\"og:url\" content=\"https:\/\/www.viennamagic.com\/?product=magic-toy\" \/>\n<meta property=\"og:site_name\" content=\"Vienna Magic\" \/>\n<meta property=\"og:image\" content=\"https:\/\/www.viennamagic.com\/wp-content\/uploads\/2025\/11\/toy.jpg\" \/>\n\t<meta property=\"og:image:width\" content=\"1079\" \/>\n\t<meta property=\"og:image:height\" content=\"1315\" \/>\n\t<meta property=\"og:image:type\" content=\"image\/jpeg\" \/>\n<meta name=\"twitter:card\" content=\"summary_large_image\" \/>\n<meta name=\"twitter:label1\" content=\"Gesch\u00e4tzte Lesezeit\" \/>\n\t<meta name=\"twitter:data1\" content=\"2\u00a0Minuten\" \/>\n<script type=\"application\/ld+json\" class=\"yoast-schema-graph\">{\"@context\":\"https:\\\/\\\/schema.org\",\"@graph\":[{\"@type\":\"WebPage\",\"@id\":\"https:\\\/\\\/www.viennamagic.com\\\/?product=magic-toy\",\"url\":\"https:\\\/\\\/www.viennamagic.com\\\/?product=magic-toy\",\"name\":\"Magic Toy - Vienna Magic\",\"isPartOf\":{\"@id\":\"https:\\\/\\\/www.viennamagic.com\\\/#website\"},\"primaryImageOfPage\":{\"@id\":\"https:\\\/\\\/www.viennamagic.com\\\/?product=magic-toy#primaryimage\"},\"image\":{\"@id\":\"https:\\\/\\\/www.viennamagic.com\\\/?product=magic-toy#primaryimage\"},\"thumbnailUrl\":\"https:\\\/\\\/www.viennamagic.com\\\/wp-content\\\/uploads\\\/2025\\\/11\\\/toy.jpg\",\"datePublished\":\"2025-11-08T10:40:07+00:00\",\"breadcrumb\":{\"@id\":\"https:\\\/\\\/www.viennamagic.com\\\/?product=magic-toy#breadcrumb\"},\"inLanguage\":\"de\",\"potentialAction\":[{\"@type\":\"ReadAction\",\"target\":[\"https:\\\/\\\/www.viennamagic.com\\\/?product=magic-toy\"]}]},{\"@type\":\"ImageObject\",\"inLanguage\":\"de\",\"@id\":\"https:\\\/\\\/www.viennamagic.com\\\/?product=magic-toy#primaryimage\",\"url\":\"https:\\\/\\\/www.viennamagic.com\\\/wp-content\\\/uploads\\\/2025\\\/11\\\/toy.jpg\",\"contentUrl\":\"https:\\\/\\\/www.viennamagic.com\\\/wp-content\\\/uploads\\\/2025\\\/11\\\/toy.jpg\",\"width\":1079,\"height\":1315},{\"@type\":\"BreadcrumbList\",\"@id\":\"https:\\\/\\\/www.viennamagic.com\\\/?product=magic-toy#breadcrumb\",\"itemListElement\":[{\"@type\":\"ListItem\",\"position\":1,\"name\":\"Startseite\",\"item\":\"https:\\\/\\\/www.viennamagic.com\\\/\"},{\"@type\":\"ListItem\",\"position\":2,\"name\":\"Produkte\",\"item\":\"https:\\\/\\\/www.viennamagic.com\\\/?post_type=product\"},{\"@type\":\"ListItem\",\"position\":3,\"name\":\"Magic Toy\"}]},{\"@type\":\"WebSite\",\"@id\":\"https:\\\/\\\/www.viennamagic.com\\\/#website\",\"url\":\"https:\\\/\\\/www.viennamagic.com\\\/\",\"name\":\"Vienna Magic\",\"description\":\"\",\"potentialAction\":[{\"@type\":\"SearchAction\",\"target\":{\"@type\":\"EntryPoint\",\"urlTemplate\":\"https:\\\/\\\/www.viennamagic.com\\\/?s={search_term_string}\"},\"query-input\":{\"@type\":\"PropertyValueSpecification\",\"valueRequired\":true,\"valueName\":\"search_term_string\"}}],\"inLanguage\":\"de\"}]}<\/script>\n<!-- \/ Yoast SEO plugin. -->","yoast_head_json":{"title":"Magic Toy - Vienna Magic","robots":{"index":"index","follow":"follow","max-snippet":"max-snippet:-1","max-image-preview":"max-image-preview:large","max-video-preview":"max-video-preview:-1"},"canonical":"https:\/\/www.viennamagic.com\/?product=magic-toy","og_locale":"de_DE","og_type":"article","og_title":"Magic Toy - Vienna Magic","og_description":"Show the audience a cute teddy bear box. Every side is clearly visible, nothing to hide.\u00a0It&#8217;s completely empty\u2026 or so it seems.\u00a0With a magical gesture, right before the spectators&#8216; eyes, a beautiful teddy bear suddenly appears , fully formed, colorful, and the size of the box! A visual, instant, and surprising production that amazes both [&hellip;]","og_url":"https:\/\/www.viennamagic.com\/?product=magic-toy","og_site_name":"Vienna Magic","og_image":[{"width":1079,"height":1315,"url":"https:\/\/www.viennamagic.com\/wp-content\/uploads\/2025\/11\/toy.jpg","type":"image\/jpeg"}],"twitter_card":"summary_large_image","twitter_misc":{"Gesch\u00e4tzte Lesezeit":"2\u00a0Minuten"},"schema":{"@context":"https:\/\/schema.org","@graph":[{"@type":"WebPage","@id":"https:\/\/www.viennamagic.com\/?product=magic-toy","url":"https:\/\/www.viennamagic.com\/?product=magic-toy","name":"Magic Toy - Vienna Magic","isPartOf":{"@id":"https:\/\/www.viennamagic.com\/#website"},"primaryImageOfPage":{"@id":"https:\/\/www.viennamagic.com\/?product=magic-toy#primaryimage"},"image":{"@id":"https:\/\/www.viennamagic.com\/?product=magic-toy#primaryimage"},"thumbnailUrl":"https:\/\/www.viennamagic.com\/wp-content\/uploads\/2025\/11\/toy.jpg","datePublished":"2025-11-08T10:40:07+00:00","breadcrumb":{"@id":"https:\/\/www.viennamagic.com\/?product=magic-toy#breadcrumb"},"inLanguage":"de","potentialAction":[{"@type":"ReadAction","target":["https:\/\/www.viennamagic.com\/?product=magic-toy"]}]},{"@type":"ImageObject","inLanguage":"de","@id":"https:\/\/www.viennamagic.com\/?product=magic-toy#primaryimage","url":"https:\/\/www.viennamagic.com\/wp-content\/uploads\/2025\/11\/toy.jpg","contentUrl":"https:\/\/www.viennamagic.com\/wp-content\/uploads\/2025\/11\/toy.jpg","width":1079,"height":1315},{"@type":"BreadcrumbList","@id":"https:\/\/www.viennamagic.com\/?product=magic-toy#breadcrumb","itemListElement":[{"@type":"ListItem","position":1,"name":"Startseite","item":"https:\/\/www.viennamagic.com\/"},{"@type":"ListItem","position":2,"name":"Produkte","item":"https:\/\/www.viennamagic.com\/?post_type=product"},{"@type":"ListItem","position":3,"name":"Magic Toy"}]},{"@type":"WebSite","@id":"https:\/\/www.viennamagic.com\/#website","url":"https:\/\/www.viennamagic.com\/","name":"Vienna Magic","description":"","potentialAction":[{"@type":"SearchAction","target":{"@type":"EntryPoint","urlTemplate":"https:\/\/www.viennamagic.com\/?s={search_term_string}"},"query-input":{"@type":"PropertyValueSpecification","valueRequired":true,"valueName":"search_term_string"}}],"inLanguage":"de"}]}},"_links":{"self":[{"href":"https:\/\/www.viennamagic.com\/index.php?rest_route=\/wp\/v2\/product\/3317","targetHints":{"allow":["GET"]}}],"collection":[{"href":"https:\/\/www.viennamagic.com\/index.php?rest_route=\/wp\/v2\/product"}],"about":[{"href":"https:\/\/www.viennamagic.com\/index.php?rest_route=\/wp\/v2\/types\/product"}],"replies":[{"embeddable":true,"href":"https:\/\/www.viennamagic.com\/index.php?rest_route=%2Fwp%2Fv2%2Fcomments&post=3317"}],"wp:featuredmedia":[{"embeddable":true,"href":"https:\/\/www.viennamagic.com\/index.php?rest_route=\/wp\/v2\/media\/3318"}],"wp:attachment":[{"href":"https:\/\/www.viennamagic.com\/index.php?rest_route=%2Fwp%2Fv2%2Fmedia&parent=3317"}],"wp:term":[{"taxonomy":"product_brand","embeddable":true,"href":"https:\/\/www.viennamagic.com\/index.php?rest_route=%2Fwp%2Fv2%2Fproduct_brand&post=3317"},{"taxonomy":"product_cat","embeddable":true,"href":"https:\/\/www.viennamagic.com\/index.php?rest_route=%2Fwp%2Fv2%2Fproduct_cat&post=3317"},{"taxonomy":"product_tag","embeddable":true,"href":"https:\/\/www.viennamagic.com\/index.php?rest_route=%2Fwp%2Fv2%2Fproduct_tag&post=3317"}],"curies":[{"name":"wp","href":"https:\/\/api.w.org\/{rel}","templated":true}]}}