{"id":2776,"date":"2021-12-12T09:41:04","date_gmt":"2021-12-12T09:41:04","guid":{"rendered":"https:\/\/www.viennamagic.com\/?post_type=product&#038;p=2776"},"modified":"2021-12-12T09:43:04","modified_gmt":"2021-12-12T09:43:04","slug":"snow-storm","status":"publish","type":"product","link":"https:\/\/www.viennamagic.com\/?product=snow-storm","title":{"rendered":"Snow Storm"},"content":{"rendered":"<p>Der Magier zerrei\u00dft eine Papierserviette, wirft die Schnipsel in ein Wasserglas. Er nimmt sie wieder heraus und tropft diese ab. Er nimmt einen F\u00e4cher zur Hand und pl\u00f6tzlich beginnt es aus der anderen Hand dicht zu schneien. Nicht nur zu Weihnachten ein wahres Wunder.<\/p>\n<p>Beste Qualit\u00e4t<\/p>\n<p>10 Ladungen<\/p>\n","protected":false},"excerpt":{"rendered":"<p>Der Magier zerrei\u00dft eine Papierserviette, wirft die Schnipsel in ein Wasserglas. Er nimmt sie wieder heraus und tropft diese ab. Er nimmt einen F\u00e4cher zur Hand und pl\u00f6tzlich beginnt es aus der anderen Hand dicht zu schneien. Nicht nur zu Weihnachten ein wahres Wunder. Beste Qualit\u00e4t 10 Ladungen<\/p>\n","protected":false},"featured_media":2777,"comment_status":"open","ping_status":"closed","template":"","meta":[],"product_brand":[],"product_cat":[27,57,67,17],"product_tag":[],"class_list":{"0":"post-2776","1":"product","2":"type-product","3":"status-publish","4":"has-post-thumbnail","6":"product_cat-buehne","7":"product_cat-clown-accessoires","8":"product_cat-klassiker-der-zauberkunst-2","9":"product_cat-unkategorisiert","11":"first","12":"instock","13":"taxable","14":"shipping-taxable","15":"purchasable","16":"product-type-simple"},"yoast_head":"<!-- This site is optimized with the Yoast SEO plugin v27.6 - https:\/\/yoast.com\/product\/yoast-seo-wordpress\/ -->\n<title>Snow Storm - Vienna Magic<\/title>\n<meta name=\"robots\" content=\"index, follow, max-snippet:-1, max-image-preview:large, max-video-preview:-1\" \/>\n<link rel=\"canonical\" href=\"https:\/\/www.viennamagic.com\/?product=snow-storm\" \/>\n<meta property=\"og:locale\" content=\"de_DE\" \/>\n<meta property=\"og:type\" content=\"article\" \/>\n<meta property=\"og:title\" content=\"Snow Storm - Vienna Magic\" \/>\n<meta property=\"og:description\" content=\"Der Magier zerrei\u00dft eine Papierserviette, wirft die Schnipsel in ein Wasserglas. Er nimmt sie wieder heraus und tropft diese ab. Er nimmt einen F\u00e4cher zur Hand und pl\u00f6tzlich beginnt es aus der anderen Hand dicht zu schneien. Nicht nur zu Weihnachten ein wahres Wunder. Beste Qualit\u00e4t 10 Ladungen\" \/>\n<meta property=\"og:url\" content=\"https:\/\/www.viennamagic.com\/?product=snow-storm\" \/>\n<meta property=\"og:site_name\" content=\"Vienna Magic\" \/>\n<meta property=\"article:modified_time\" content=\"2021-12-12T09:43:04+00:00\" \/>\n<meta property=\"og:image\" content=\"https:\/\/www.viennamagic.com\/wp-content\/uploads\/2021\/12\/Snow-Storm-scaled.jpg\" \/>\n\t<meta property=\"og:image:width\" content=\"2560\" \/>\n\t<meta property=\"og:image:height\" content=\"1869\" \/>\n\t<meta property=\"og:image:type\" content=\"image\/jpeg\" \/>\n<meta name=\"twitter:card\" content=\"summary_large_image\" \/>\n<meta name=\"twitter:label1\" content=\"Gesch\u00e4tzte Lesezeit\" \/>\n\t<meta name=\"twitter:data1\" content=\"1\u00a0Minute\" \/>\n<script type=\"application\/ld+json\" class=\"yoast-schema-graph\">{\"@context\":\"https:\\\/\\\/schema.org\",\"@graph\":[{\"@type\":\"WebPage\",\"@id\":\"https:\\\/\\\/www.viennamagic.com\\\/?product=snow-storm\",\"url\":\"https:\\\/\\\/www.viennamagic.com\\\/?product=snow-storm\",\"name\":\"Snow Storm - Vienna Magic\",\"isPartOf\":{\"@id\":\"https:\\\/\\\/www.viennamagic.com\\\/#website\"},\"primaryImageOfPage\":{\"@id\":\"https:\\\/\\\/www.viennamagic.com\\\/?product=snow-storm#primaryimage\"},\"image\":{\"@id\":\"https:\\\/\\\/www.viennamagic.com\\\/?product=snow-storm#primaryimage\"},\"thumbnailUrl\":\"https:\\\/\\\/www.viennamagic.com\\\/wp-content\\\/uploads\\\/2021\\\/12\\\/Snow-Storm-scaled.jpg\",\"datePublished\":\"2021-12-12T09:41:04+00:00\",\"dateModified\":\"2021-12-12T09:43:04+00:00\",\"breadcrumb\":{\"@id\":\"https:\\\/\\\/www.viennamagic.com\\\/?product=snow-storm#breadcrumb\"},\"inLanguage\":\"de\",\"potentialAction\":[{\"@type\":\"ReadAction\",\"target\":[\"https:\\\/\\\/www.viennamagic.com\\\/?product=snow-storm\"]}]},{\"@type\":\"ImageObject\",\"inLanguage\":\"de\",\"@id\":\"https:\\\/\\\/www.viennamagic.com\\\/?product=snow-storm#primaryimage\",\"url\":\"https:\\\/\\\/www.viennamagic.com\\\/wp-content\\\/uploads\\\/2021\\\/12\\\/Snow-Storm-scaled.jpg\",\"contentUrl\":\"https:\\\/\\\/www.viennamagic.com\\\/wp-content\\\/uploads\\\/2021\\\/12\\\/Snow-Storm-scaled.jpg\",\"width\":2560,\"height\":1869},{\"@type\":\"BreadcrumbList\",\"@id\":\"https:\\\/\\\/www.viennamagic.com\\\/?product=snow-storm#breadcrumb\",\"itemListElement\":[{\"@type\":\"ListItem\",\"position\":1,\"name\":\"Startseite\",\"item\":\"https:\\\/\\\/www.viennamagic.com\\\/\"},{\"@type\":\"ListItem\",\"position\":2,\"name\":\"Produkte\",\"item\":\"https:\\\/\\\/www.viennamagic.com\\\/?post_type=product\"},{\"@type\":\"ListItem\",\"position\":3,\"name\":\"Snow Storm\"}]},{\"@type\":\"WebSite\",\"@id\":\"https:\\\/\\\/www.viennamagic.com\\\/#website\",\"url\":\"https:\\\/\\\/www.viennamagic.com\\\/\",\"name\":\"Vienna Magic\",\"description\":\"\",\"potentialAction\":[{\"@type\":\"SearchAction\",\"target\":{\"@type\":\"EntryPoint\",\"urlTemplate\":\"https:\\\/\\\/www.viennamagic.com\\\/?s={search_term_string}\"},\"query-input\":{\"@type\":\"PropertyValueSpecification\",\"valueRequired\":true,\"valueName\":\"search_term_string\"}}],\"inLanguage\":\"de\"}]}<\/script>\n<!-- \/ Yoast SEO plugin. -->","yoast_head_json":{"title":"Snow Storm - Vienna Magic","robots":{"index":"index","follow":"follow","max-snippet":"max-snippet:-1","max-image-preview":"max-image-preview:large","max-video-preview":"max-video-preview:-1"},"canonical":"https:\/\/www.viennamagic.com\/?product=snow-storm","og_locale":"de_DE","og_type":"article","og_title":"Snow Storm - Vienna Magic","og_description":"Der Magier zerrei\u00dft eine Papierserviette, wirft die Schnipsel in ein Wasserglas. Er nimmt sie wieder heraus und tropft diese ab. Er nimmt einen F\u00e4cher zur Hand und pl\u00f6tzlich beginnt es aus der anderen Hand dicht zu schneien. Nicht nur zu Weihnachten ein wahres Wunder. Beste Qualit\u00e4t 10 Ladungen","og_url":"https:\/\/www.viennamagic.com\/?product=snow-storm","og_site_name":"Vienna Magic","article_modified_time":"2021-12-12T09:43:04+00:00","og_image":[{"width":2560,"height":1869,"url":"https:\/\/www.viennamagic.com\/wp-content\/uploads\/2021\/12\/Snow-Storm-scaled.jpg","type":"image\/jpeg"}],"twitter_card":"summary_large_image","twitter_misc":{"Gesch\u00e4tzte Lesezeit":"1\u00a0Minute"},"schema":{"@context":"https:\/\/schema.org","@graph":[{"@type":"WebPage","@id":"https:\/\/www.viennamagic.com\/?product=snow-storm","url":"https:\/\/www.viennamagic.com\/?product=snow-storm","name":"Snow Storm - Vienna Magic","isPartOf":{"@id":"https:\/\/www.viennamagic.com\/#website"},"primaryImageOfPage":{"@id":"https:\/\/www.viennamagic.com\/?product=snow-storm#primaryimage"},"image":{"@id":"https:\/\/www.viennamagic.com\/?product=snow-storm#primaryimage"},"thumbnailUrl":"https:\/\/www.viennamagic.com\/wp-content\/uploads\/2021\/12\/Snow-Storm-scaled.jpg","datePublished":"2021-12-12T09:41:04+00:00","dateModified":"2021-12-12T09:43:04+00:00","breadcrumb":{"@id":"https:\/\/www.viennamagic.com\/?product=snow-storm#breadcrumb"},"inLanguage":"de","potentialAction":[{"@type":"ReadAction","target":["https:\/\/www.viennamagic.com\/?product=snow-storm"]}]},{"@type":"ImageObject","inLanguage":"de","@id":"https:\/\/www.viennamagic.com\/?product=snow-storm#primaryimage","url":"https:\/\/www.viennamagic.com\/wp-content\/uploads\/2021\/12\/Snow-Storm-scaled.jpg","contentUrl":"https:\/\/www.viennamagic.com\/wp-content\/uploads\/2021\/12\/Snow-Storm-scaled.jpg","width":2560,"height":1869},{"@type":"BreadcrumbList","@id":"https:\/\/www.viennamagic.com\/?product=snow-storm#breadcrumb","itemListElement":[{"@type":"ListItem","position":1,"name":"Startseite","item":"https:\/\/www.viennamagic.com\/"},{"@type":"ListItem","position":2,"name":"Produkte","item":"https:\/\/www.viennamagic.com\/?post_type=product"},{"@type":"ListItem","position":3,"name":"Snow Storm"}]},{"@type":"WebSite","@id":"https:\/\/www.viennamagic.com\/#website","url":"https:\/\/www.viennamagic.com\/","name":"Vienna Magic","description":"","potentialAction":[{"@type":"SearchAction","target":{"@type":"EntryPoint","urlTemplate":"https:\/\/www.viennamagic.com\/?s={search_term_string}"},"query-input":{"@type":"PropertyValueSpecification","valueRequired":true,"valueName":"search_term_string"}}],"inLanguage":"de"}]}},"_links":{"self":[{"href":"https:\/\/www.viennamagic.com\/index.php?rest_route=\/wp\/v2\/product\/2776","targetHints":{"allow":["GET"]}}],"collection":[{"href":"https:\/\/www.viennamagic.com\/index.php?rest_route=\/wp\/v2\/product"}],"about":[{"href":"https:\/\/www.viennamagic.com\/index.php?rest_route=\/wp\/v2\/types\/product"}],"replies":[{"embeddable":true,"href":"https:\/\/www.viennamagic.com\/index.php?rest_route=%2Fwp%2Fv2%2Fcomments&post=2776"}],"wp:featuredmedia":[{"embeddable":true,"href":"https:\/\/www.viennamagic.com\/index.php?rest_route=\/wp\/v2\/media\/2777"}],"wp:attachment":[{"href":"https:\/\/www.viennamagic.com\/index.php?rest_route=%2Fwp%2Fv2%2Fmedia&parent=2776"}],"wp:term":[{"taxonomy":"product_brand","embeddable":true,"href":"https:\/\/www.viennamagic.com\/index.php?rest_route=%2Fwp%2Fv2%2Fproduct_brand&post=2776"},{"taxonomy":"product_cat","embeddable":true,"href":"https:\/\/www.viennamagic.com\/index.php?rest_route=%2Fwp%2Fv2%2Fproduct_cat&post=2776"},{"taxonomy":"product_tag","embeddable":true,"href":"https:\/\/www.viennamagic.com\/index.php?rest_route=%2Fwp%2Fv2%2Fproduct_tag&post=2776"}],"curies":[{"name":"wp","href":"https:\/\/api.w.org\/{rel}","templated":true}]}}