{"id":2612,"date":"2021-12-04T11:49:56","date_gmt":"2021-12-04T11:49:56","guid":{"rendered":"https:\/\/www.viennamagic.com\/?post_type=product&#038;p=2612"},"modified":"2021-12-04T11:49:58","modified_gmt":"2021-12-04T11:49:58","slug":"bicycle-sea-king","status":"publish","type":"product","link":"https:\/\/www.viennamagic.com\/?product=bicycle-sea-king","title":{"rendered":"Bicycle Sea King"},"content":{"rendered":"<div class=\"box-inner\">\n<div class=\"product-info-price\">\n<h1 class=\"title-quickview-product\">Sea King Spielkarten<\/h1>\n<div class=\"product-info-stock-sku\"><\/div>\n<\/div>\n<\/div>\n<div class=\"box-inner1\">\n<div class=\"product-description Scrollable\">\n<div class=\"product attribute overview\">\n<div class=\"value\">\n<p>Sorgen Sie f\u00fcr Furore bei Ihrem n\u00e4chsten Kartenspiel mit Bicycle Sea King Spielkarten!<\/p>\n<p>&#8211; Premium-Folie und gepr\u00e4gte Verpackung- Gesichter neu eingef\u00e4rbt.<br \/>\n&#8211; Gedruckt auf klassischem Bicycle karton.<br \/>\n&#8211; Klassisches Luftkissen-Finish f\u00fcr einfaches Mischen und optimale Leistung.<br \/>\n&#8211; Hergestellt in den USA.<\/p>\n<p>\u2022 Die Karten haben Pokergr\u00f6\u00dfe.<\/p>\n<p>.<\/p>\n<p>&nbsp;<\/p>\n<\/div>\n<\/div>\n<\/div>\n<\/div>\n","protected":false},"excerpt":{"rendered":"<p>Sea King Spielkarten Sorgen Sie f\u00fcr Furore bei Ihrem n\u00e4chsten Kartenspiel mit Bicycle Sea King Spielkarten! &#8211; Premium-Folie und gepr\u00e4gte Verpackung- Gesichter neu eingef\u00e4rbt. &#8211; Gedruckt auf klassischem Bicycle karton. &#8211; Klassisches Luftkissen-Finish f\u00fcr einfaches Mischen und optimale Leistung. &#8211; Hergestellt in den USA. \u2022 Die Karten haben Pokergr\u00f6\u00dfe. . &nbsp;<\/p>\n","protected":false},"featured_media":2614,"comment_status":"open","ping_status":"closed","template":"","meta":[],"product_brand":[],"product_cat":[25],"product_tag":[],"class_list":{"0":"post-2612","1":"product","2":"type-product","3":"status-publish","4":"has-post-thumbnail","6":"product_cat-karten","8":"first","9":"instock","10":"taxable","11":"shipping-taxable","12":"purchasable","13":"product-type-simple"},"yoast_head":"<!-- This site is optimized with the Yoast SEO plugin v27.4 - https:\/\/yoast.com\/product\/yoast-seo-wordpress\/ -->\n<title>Bicycle Sea King - Vienna Magic<\/title>\n<meta name=\"robots\" content=\"index, follow, max-snippet:-1, max-image-preview:large, max-video-preview:-1\" \/>\n<link rel=\"canonical\" href=\"https:\/\/www.viennamagic.com\/?product=bicycle-sea-king\" \/>\n<meta property=\"og:locale\" content=\"de_DE\" \/>\n<meta property=\"og:type\" content=\"article\" \/>\n<meta property=\"og:title\" content=\"Bicycle Sea King - Vienna Magic\" \/>\n<meta property=\"og:description\" content=\"Sea King Spielkarten Sorgen Sie f\u00fcr Furore bei Ihrem n\u00e4chsten Kartenspiel mit Bicycle Sea King Spielkarten! &#8211; Premium-Folie und gepr\u00e4gte Verpackung- Gesichter neu eingef\u00e4rbt. &#8211; Gedruckt auf klassischem Bicycle karton. &#8211; Klassisches Luftkissen-Finish f\u00fcr einfaches Mischen und optimale Leistung. &#8211; Hergestellt in den USA. \u2022 Die Karten haben Pokergr\u00f6\u00dfe. . &nbsp;\" \/>\n<meta property=\"og:url\" content=\"https:\/\/www.viennamagic.com\/?product=bicycle-sea-king\" \/>\n<meta property=\"og:site_name\" content=\"Vienna Magic\" \/>\n<meta property=\"article:modified_time\" content=\"2021-12-04T11:49:58+00:00\" \/>\n<meta property=\"og:image\" content=\"https:\/\/www.viennamagic.com\/wp-content\/uploads\/2021\/12\/BSEAK1_1606838450.jpg\" \/>\n\t<meta property=\"og:image:width\" content=\"800\" \/>\n\t<meta property=\"og:image:height\" content=\"800\" \/>\n\t<meta property=\"og:image:type\" content=\"image\/jpeg\" \/>\n<meta name=\"twitter:card\" content=\"summary_large_image\" \/>\n<meta name=\"twitter:label1\" content=\"Gesch\u00e4tzte Lesezeit\" \/>\n\t<meta name=\"twitter:data1\" content=\"1\u00a0Minute\" \/>\n<script type=\"application\/ld+json\" class=\"yoast-schema-graph\">{\"@context\":\"https:\\\/\\\/schema.org\",\"@graph\":[{\"@type\":\"WebPage\",\"@id\":\"https:\\\/\\\/www.viennamagic.com\\\/?product=bicycle-sea-king\",\"url\":\"https:\\\/\\\/www.viennamagic.com\\\/?product=bicycle-sea-king\",\"name\":\"Bicycle Sea King - Vienna Magic\",\"isPartOf\":{\"@id\":\"https:\\\/\\\/www.viennamagic.com\\\/#website\"},\"primaryImageOfPage\":{\"@id\":\"https:\\\/\\\/www.viennamagic.com\\\/?product=bicycle-sea-king#primaryimage\"},\"image\":{\"@id\":\"https:\\\/\\\/www.viennamagic.com\\\/?product=bicycle-sea-king#primaryimage\"},\"thumbnailUrl\":\"https:\\\/\\\/www.viennamagic.com\\\/wp-content\\\/uploads\\\/2021\\\/12\\\/BSEAK1_1606838450.jpg\",\"datePublished\":\"2021-12-04T11:49:56+00:00\",\"dateModified\":\"2021-12-04T11:49:58+00:00\",\"breadcrumb\":{\"@id\":\"https:\\\/\\\/www.viennamagic.com\\\/?product=bicycle-sea-king#breadcrumb\"},\"inLanguage\":\"de\",\"potentialAction\":[{\"@type\":\"ReadAction\",\"target\":[\"https:\\\/\\\/www.viennamagic.com\\\/?product=bicycle-sea-king\"]}]},{\"@type\":\"ImageObject\",\"inLanguage\":\"de\",\"@id\":\"https:\\\/\\\/www.viennamagic.com\\\/?product=bicycle-sea-king#primaryimage\",\"url\":\"https:\\\/\\\/www.viennamagic.com\\\/wp-content\\\/uploads\\\/2021\\\/12\\\/BSEAK1_1606838450.jpg\",\"contentUrl\":\"https:\\\/\\\/www.viennamagic.com\\\/wp-content\\\/uploads\\\/2021\\\/12\\\/BSEAK1_1606838450.jpg\",\"width\":800,\"height\":800},{\"@type\":\"BreadcrumbList\",\"@id\":\"https:\\\/\\\/www.viennamagic.com\\\/?product=bicycle-sea-king#breadcrumb\",\"itemListElement\":[{\"@type\":\"ListItem\",\"position\":1,\"name\":\"Startseite\",\"item\":\"https:\\\/\\\/www.viennamagic.com\\\/\"},{\"@type\":\"ListItem\",\"position\":2,\"name\":\"Produkte\",\"item\":\"https:\\\/\\\/www.viennamagic.com\\\/?post_type=product\"},{\"@type\":\"ListItem\",\"position\":3,\"name\":\"Bicycle Sea King\"}]},{\"@type\":\"WebSite\",\"@id\":\"https:\\\/\\\/www.viennamagic.com\\\/#website\",\"url\":\"https:\\\/\\\/www.viennamagic.com\\\/\",\"name\":\"Vienna Magic\",\"description\":\"\",\"potentialAction\":[{\"@type\":\"SearchAction\",\"target\":{\"@type\":\"EntryPoint\",\"urlTemplate\":\"https:\\\/\\\/www.viennamagic.com\\\/?s={search_term_string}\"},\"query-input\":{\"@type\":\"PropertyValueSpecification\",\"valueRequired\":true,\"valueName\":\"search_term_string\"}}],\"inLanguage\":\"de\"}]}<\/script>\n<!-- \/ Yoast SEO plugin. -->","yoast_head_json":{"title":"Bicycle Sea King - Vienna Magic","robots":{"index":"index","follow":"follow","max-snippet":"max-snippet:-1","max-image-preview":"max-image-preview:large","max-video-preview":"max-video-preview:-1"},"canonical":"https:\/\/www.viennamagic.com\/?product=bicycle-sea-king","og_locale":"de_DE","og_type":"article","og_title":"Bicycle Sea King - Vienna Magic","og_description":"Sea King Spielkarten Sorgen Sie f\u00fcr Furore bei Ihrem n\u00e4chsten Kartenspiel mit Bicycle Sea King Spielkarten! &#8211; Premium-Folie und gepr\u00e4gte Verpackung- Gesichter neu eingef\u00e4rbt. &#8211; Gedruckt auf klassischem Bicycle karton. &#8211; Klassisches Luftkissen-Finish f\u00fcr einfaches Mischen und optimale Leistung. &#8211; Hergestellt in den USA. \u2022 Die Karten haben Pokergr\u00f6\u00dfe. . &nbsp;","og_url":"https:\/\/www.viennamagic.com\/?product=bicycle-sea-king","og_site_name":"Vienna Magic","article_modified_time":"2021-12-04T11:49:58+00:00","og_image":[{"width":800,"height":800,"url":"https:\/\/www.viennamagic.com\/wp-content\/uploads\/2021\/12\/BSEAK1_1606838450.jpg","type":"image\/jpeg"}],"twitter_card":"summary_large_image","twitter_misc":{"Gesch\u00e4tzte Lesezeit":"1\u00a0Minute"},"schema":{"@context":"https:\/\/schema.org","@graph":[{"@type":"WebPage","@id":"https:\/\/www.viennamagic.com\/?product=bicycle-sea-king","url":"https:\/\/www.viennamagic.com\/?product=bicycle-sea-king","name":"Bicycle Sea King - Vienna Magic","isPartOf":{"@id":"https:\/\/www.viennamagic.com\/#website"},"primaryImageOfPage":{"@id":"https:\/\/www.viennamagic.com\/?product=bicycle-sea-king#primaryimage"},"image":{"@id":"https:\/\/www.viennamagic.com\/?product=bicycle-sea-king#primaryimage"},"thumbnailUrl":"https:\/\/www.viennamagic.com\/wp-content\/uploads\/2021\/12\/BSEAK1_1606838450.jpg","datePublished":"2021-12-04T11:49:56+00:00","dateModified":"2021-12-04T11:49:58+00:00","breadcrumb":{"@id":"https:\/\/www.viennamagic.com\/?product=bicycle-sea-king#breadcrumb"},"inLanguage":"de","potentialAction":[{"@type":"ReadAction","target":["https:\/\/www.viennamagic.com\/?product=bicycle-sea-king"]}]},{"@type":"ImageObject","inLanguage":"de","@id":"https:\/\/www.viennamagic.com\/?product=bicycle-sea-king#primaryimage","url":"https:\/\/www.viennamagic.com\/wp-content\/uploads\/2021\/12\/BSEAK1_1606838450.jpg","contentUrl":"https:\/\/www.viennamagic.com\/wp-content\/uploads\/2021\/12\/BSEAK1_1606838450.jpg","width":800,"height":800},{"@type":"BreadcrumbList","@id":"https:\/\/www.viennamagic.com\/?product=bicycle-sea-king#breadcrumb","itemListElement":[{"@type":"ListItem","position":1,"name":"Startseite","item":"https:\/\/www.viennamagic.com\/"},{"@type":"ListItem","position":2,"name":"Produkte","item":"https:\/\/www.viennamagic.com\/?post_type=product"},{"@type":"ListItem","position":3,"name":"Bicycle Sea King"}]},{"@type":"WebSite","@id":"https:\/\/www.viennamagic.com\/#website","url":"https:\/\/www.viennamagic.com\/","name":"Vienna Magic","description":"","potentialAction":[{"@type":"SearchAction","target":{"@type":"EntryPoint","urlTemplate":"https:\/\/www.viennamagic.com\/?s={search_term_string}"},"query-input":{"@type":"PropertyValueSpecification","valueRequired":true,"valueName":"search_term_string"}}],"inLanguage":"de"}]}},"_links":{"self":[{"href":"https:\/\/www.viennamagic.com\/index.php?rest_route=\/wp\/v2\/product\/2612","targetHints":{"allow":["GET"]}}],"collection":[{"href":"https:\/\/www.viennamagic.com\/index.php?rest_route=\/wp\/v2\/product"}],"about":[{"href":"https:\/\/www.viennamagic.com\/index.php?rest_route=\/wp\/v2\/types\/product"}],"replies":[{"embeddable":true,"href":"https:\/\/www.viennamagic.com\/index.php?rest_route=%2Fwp%2Fv2%2Fcomments&post=2612"}],"wp:featuredmedia":[{"embeddable":true,"href":"https:\/\/www.viennamagic.com\/index.php?rest_route=\/wp\/v2\/media\/2614"}],"wp:attachment":[{"href":"https:\/\/www.viennamagic.com\/index.php?rest_route=%2Fwp%2Fv2%2Fmedia&parent=2612"}],"wp:term":[{"taxonomy":"product_brand","embeddable":true,"href":"https:\/\/www.viennamagic.com\/index.php?rest_route=%2Fwp%2Fv2%2Fproduct_brand&post=2612"},{"taxonomy":"product_cat","embeddable":true,"href":"https:\/\/www.viennamagic.com\/index.php?rest_route=%2Fwp%2Fv2%2Fproduct_cat&post=2612"},{"taxonomy":"product_tag","embeddable":true,"href":"https:\/\/www.viennamagic.com\/index.php?rest_route=%2Fwp%2Fv2%2Fproduct_tag&post=2612"}],"curies":[{"name":"wp","href":"https:\/\/api.w.org\/{rel}","templated":true}]}}