{"id":2304,"date":"2021-11-22T18:25:12","date_gmt":"2021-11-22T18:25:12","guid":{"rendered":"https:\/\/viennamagic.com.85-25-43-18.atlantic717.startdedicated.de\/?product=teleskop-besteck"},"modified":"2022-09-15T07:31:54","modified_gmt":"2022-09-15T07:31:54","slug":"teleskop-besteck","status":"publish","type":"product","link":"https:\/\/www.viennamagic.com\/?product=teleskop-besteck","title":{"rendered":"Teleskop-Besteck"},"content":{"rendered":"<p>Ein ideales Clown-Requisit! Mit der Teleskop-Gabel und dem Teleskop-L\u00f6ffel werden Sie alle Lacher auf Ihrer Seite haben!<\/p>\n<p>Das Teleskop-Besteck hat eine L\u00e4nge von 25cm, der Stiel ist bis auf eine L\u00e4nge von 55cm ausziehbar.<\/p>\n","protected":false},"excerpt":{"rendered":"<p>Ein ideales Clown-Requisit! Mit der Teleskop-Gabel und dem Teleskop-L\u00f6ffel werden Sie alle Lacher auf Ihrer Seite haben! Das Teleskop-Besteck hat eine L\u00e4nge von 25cm, der Stiel ist bis auf eine L\u00e4nge von 55cm ausziehbar.<\/p>\n","protected":false},"featured_media":1461,"comment_status":"open","ping_status":"closed","template":"","meta":[],"product_brand":[],"product_cat":[57,32],"product_tag":[],"class_list":{"0":"post-2304","1":"product","2":"type-product","3":"status-publish","4":"has-post-thumbnail","6":"product_cat-clown-accessoires","7":"product_cat-scherzartikel","9":"first","10":"outofstock","11":"taxable","12":"shipping-taxable","13":"purchasable","14":"product-type-simple"},"yoast_head":"<!-- This site is optimized with the Yoast SEO plugin v27.3 - https:\/\/yoast.com\/product\/yoast-seo-wordpress\/ -->\n<title>Teleskop-Besteck - Vienna Magic<\/title>\n<meta name=\"robots\" content=\"index, follow, max-snippet:-1, max-image-preview:large, max-video-preview:-1\" \/>\n<link rel=\"canonical\" href=\"https:\/\/www.viennamagic.com\/?product=teleskop-besteck\" \/>\n<meta property=\"og:locale\" content=\"de_DE\" \/>\n<meta property=\"og:type\" content=\"article\" \/>\n<meta property=\"og:title\" content=\"Teleskop-Besteck - Vienna Magic\" \/>\n<meta property=\"og:description\" content=\"Ein ideales Clown-Requisit! Mit der Teleskop-Gabel und dem Teleskop-L\u00f6ffel werden Sie alle Lacher auf Ihrer Seite haben! Das Teleskop-Besteck hat eine L\u00e4nge von 25cm, der Stiel ist bis auf eine L\u00e4nge von 55cm ausziehbar.\" \/>\n<meta property=\"og:url\" content=\"https:\/\/www.viennamagic.com\/?product=teleskop-besteck\" \/>\n<meta property=\"og:site_name\" content=\"Vienna Magic\" \/>\n<meta property=\"article:modified_time\" content=\"2022-09-15T07:31:54+00:00\" \/>\n<meta property=\"og:image\" content=\"https:\/\/www.viennamagic.com\/wp-content\/uploads\/2021\/11\/teleskop_gr.jpg\" \/>\n\t<meta property=\"og:image:width\" content=\"300\" \/>\n\t<meta property=\"og:image:height\" content=\"135\" \/>\n\t<meta property=\"og:image:type\" content=\"image\/jpeg\" \/>\n<meta name=\"twitter:card\" content=\"summary_large_image\" \/>\n<meta name=\"twitter:label1\" content=\"Gesch\u00e4tzte Lesezeit\" \/>\n\t<meta name=\"twitter:data1\" content=\"1\u00a0Minute\" \/>\n<script type=\"application\/ld+json\" class=\"yoast-schema-graph\">{\"@context\":\"https:\\\/\\\/schema.org\",\"@graph\":[{\"@type\":\"WebPage\",\"@id\":\"https:\\\/\\\/www.viennamagic.com\\\/?product=teleskop-besteck\",\"url\":\"https:\\\/\\\/www.viennamagic.com\\\/?product=teleskop-besteck\",\"name\":\"Teleskop-Besteck - Vienna Magic\",\"isPartOf\":{\"@id\":\"https:\\\/\\\/www.viennamagic.com\\\/#website\"},\"primaryImageOfPage\":{\"@id\":\"https:\\\/\\\/www.viennamagic.com\\\/?product=teleskop-besteck#primaryimage\"},\"image\":{\"@id\":\"https:\\\/\\\/www.viennamagic.com\\\/?product=teleskop-besteck#primaryimage\"},\"thumbnailUrl\":\"https:\\\/\\\/www.viennamagic.com\\\/wp-content\\\/uploads\\\/2021\\\/11\\\/teleskop_gr.jpg\",\"datePublished\":\"2021-11-22T18:25:12+00:00\",\"dateModified\":\"2022-09-15T07:31:54+00:00\",\"breadcrumb\":{\"@id\":\"https:\\\/\\\/www.viennamagic.com\\\/?product=teleskop-besteck#breadcrumb\"},\"inLanguage\":\"de\",\"potentialAction\":[{\"@type\":\"ReadAction\",\"target\":[\"https:\\\/\\\/www.viennamagic.com\\\/?product=teleskop-besteck\"]}]},{\"@type\":\"ImageObject\",\"inLanguage\":\"de\",\"@id\":\"https:\\\/\\\/www.viennamagic.com\\\/?product=teleskop-besteck#primaryimage\",\"url\":\"https:\\\/\\\/www.viennamagic.com\\\/wp-content\\\/uploads\\\/2021\\\/11\\\/teleskop_gr.jpg\",\"contentUrl\":\"https:\\\/\\\/www.viennamagic.com\\\/wp-content\\\/uploads\\\/2021\\\/11\\\/teleskop_gr.jpg\",\"width\":300,\"height\":135},{\"@type\":\"BreadcrumbList\",\"@id\":\"https:\\\/\\\/www.viennamagic.com\\\/?product=teleskop-besteck#breadcrumb\",\"itemListElement\":[{\"@type\":\"ListItem\",\"position\":1,\"name\":\"Startseite\",\"item\":\"https:\\\/\\\/www.viennamagic.com\\\/\"},{\"@type\":\"ListItem\",\"position\":2,\"name\":\"Produkte\",\"item\":\"https:\\\/\\\/www.viennamagic.com\\\/?post_type=product\"},{\"@type\":\"ListItem\",\"position\":3,\"name\":\"Teleskop-Besteck\"}]},{\"@type\":\"WebSite\",\"@id\":\"https:\\\/\\\/www.viennamagic.com\\\/#website\",\"url\":\"https:\\\/\\\/www.viennamagic.com\\\/\",\"name\":\"Vienna Magic\",\"description\":\"\",\"potentialAction\":[{\"@type\":\"SearchAction\",\"target\":{\"@type\":\"EntryPoint\",\"urlTemplate\":\"https:\\\/\\\/www.viennamagic.com\\\/?s={search_term_string}\"},\"query-input\":{\"@type\":\"PropertyValueSpecification\",\"valueRequired\":true,\"valueName\":\"search_term_string\"}}],\"inLanguage\":\"de\"}]}<\/script>\n<!-- \/ Yoast SEO plugin. -->","yoast_head_json":{"title":"Teleskop-Besteck - Vienna Magic","robots":{"index":"index","follow":"follow","max-snippet":"max-snippet:-1","max-image-preview":"max-image-preview:large","max-video-preview":"max-video-preview:-1"},"canonical":"https:\/\/www.viennamagic.com\/?product=teleskop-besteck","og_locale":"de_DE","og_type":"article","og_title":"Teleskop-Besteck - Vienna Magic","og_description":"Ein ideales Clown-Requisit! Mit der Teleskop-Gabel und dem Teleskop-L\u00f6ffel werden Sie alle Lacher auf Ihrer Seite haben! Das Teleskop-Besteck hat eine L\u00e4nge von 25cm, der Stiel ist bis auf eine L\u00e4nge von 55cm ausziehbar.","og_url":"https:\/\/www.viennamagic.com\/?product=teleskop-besteck","og_site_name":"Vienna Magic","article_modified_time":"2022-09-15T07:31:54+00:00","og_image":[{"width":300,"height":135,"url":"https:\/\/www.viennamagic.com\/wp-content\/uploads\/2021\/11\/teleskop_gr.jpg","type":"image\/jpeg"}],"twitter_card":"summary_large_image","twitter_misc":{"Gesch\u00e4tzte Lesezeit":"1\u00a0Minute"},"schema":{"@context":"https:\/\/schema.org","@graph":[{"@type":"WebPage","@id":"https:\/\/www.viennamagic.com\/?product=teleskop-besteck","url":"https:\/\/www.viennamagic.com\/?product=teleskop-besteck","name":"Teleskop-Besteck - Vienna Magic","isPartOf":{"@id":"https:\/\/www.viennamagic.com\/#website"},"primaryImageOfPage":{"@id":"https:\/\/www.viennamagic.com\/?product=teleskop-besteck#primaryimage"},"image":{"@id":"https:\/\/www.viennamagic.com\/?product=teleskop-besteck#primaryimage"},"thumbnailUrl":"https:\/\/www.viennamagic.com\/wp-content\/uploads\/2021\/11\/teleskop_gr.jpg","datePublished":"2021-11-22T18:25:12+00:00","dateModified":"2022-09-15T07:31:54+00:00","breadcrumb":{"@id":"https:\/\/www.viennamagic.com\/?product=teleskop-besteck#breadcrumb"},"inLanguage":"de","potentialAction":[{"@type":"ReadAction","target":["https:\/\/www.viennamagic.com\/?product=teleskop-besteck"]}]},{"@type":"ImageObject","inLanguage":"de","@id":"https:\/\/www.viennamagic.com\/?product=teleskop-besteck#primaryimage","url":"https:\/\/www.viennamagic.com\/wp-content\/uploads\/2021\/11\/teleskop_gr.jpg","contentUrl":"https:\/\/www.viennamagic.com\/wp-content\/uploads\/2021\/11\/teleskop_gr.jpg","width":300,"height":135},{"@type":"BreadcrumbList","@id":"https:\/\/www.viennamagic.com\/?product=teleskop-besteck#breadcrumb","itemListElement":[{"@type":"ListItem","position":1,"name":"Startseite","item":"https:\/\/www.viennamagic.com\/"},{"@type":"ListItem","position":2,"name":"Produkte","item":"https:\/\/www.viennamagic.com\/?post_type=product"},{"@type":"ListItem","position":3,"name":"Teleskop-Besteck"}]},{"@type":"WebSite","@id":"https:\/\/www.viennamagic.com\/#website","url":"https:\/\/www.viennamagic.com\/","name":"Vienna Magic","description":"","potentialAction":[{"@type":"SearchAction","target":{"@type":"EntryPoint","urlTemplate":"https:\/\/www.viennamagic.com\/?s={search_term_string}"},"query-input":{"@type":"PropertyValueSpecification","valueRequired":true,"valueName":"search_term_string"}}],"inLanguage":"de"}]}},"_links":{"self":[{"href":"https:\/\/www.viennamagic.com\/index.php?rest_route=\/wp\/v2\/product\/2304","targetHints":{"allow":["GET"]}}],"collection":[{"href":"https:\/\/www.viennamagic.com\/index.php?rest_route=\/wp\/v2\/product"}],"about":[{"href":"https:\/\/www.viennamagic.com\/index.php?rest_route=\/wp\/v2\/types\/product"}],"replies":[{"embeddable":true,"href":"https:\/\/www.viennamagic.com\/index.php?rest_route=%2Fwp%2Fv2%2Fcomments&post=2304"}],"wp:featuredmedia":[{"embeddable":true,"href":"https:\/\/www.viennamagic.com\/index.php?rest_route=\/wp\/v2\/media\/1461"}],"wp:attachment":[{"href":"https:\/\/www.viennamagic.com\/index.php?rest_route=%2Fwp%2Fv2%2Fmedia&parent=2304"}],"wp:term":[{"taxonomy":"product_brand","embeddable":true,"href":"https:\/\/www.viennamagic.com\/index.php?rest_route=%2Fwp%2Fv2%2Fproduct_brand&post=2304"},{"taxonomy":"product_cat","embeddable":true,"href":"https:\/\/www.viennamagic.com\/index.php?rest_route=%2Fwp%2Fv2%2Fproduct_cat&post=2304"},{"taxonomy":"product_tag","embeddable":true,"href":"https:\/\/www.viennamagic.com\/index.php?rest_route=%2Fwp%2Fv2%2Fproduct_tag&post=2304"}],"curies":[{"name":"wp","href":"https:\/\/api.w.org\/{rel}","templated":true}]}}