{"id":2108,"date":"2021-11-22T18:10:51","date_gmt":"2021-11-22T18:10:51","guid":{"rendered":"https:\/\/viennamagic.com.85-25-43-18.atlantic717.startdedicated.de\/?product=haunted-key"},"modified":"2021-12-12T07:41:05","modified_gmt":"2021-12-12T07:41:05","slug":"haunted-key","status":"publish","type":"product","link":"https:\/\/www.viennamagic.com\/?product=haunted-key","title":{"rendered":"Haunted Key"},"content":{"rendered":"<p>Der Zauberk\u00fcnstler nimmt einen grossen Schl\u00fcssel zur Hand und l\u00e4sst ihn von einem Zuseher untersuchen. Dann legt er den Schl\u00fcssel auf seine Handfl\u00e4che, spricht einige Beschw\u00f6rungsworte und schon beginnt der Schl\u00fcssel, sich ganz langsam zu bewegen, bis er sich schliesslich ganz umdreht. Auch nach der Vorf\u00fchrung kann der Schl\u00fcssel untersucht werden.<\/p>\n<p>Ein telekinetischer Effekt der Sonderklasse! Einfachste Handhabung, keine F\u00e4den, keine Dr\u00e4hte. Sehr einfach vorzuf\u00fchren!<\/p>\n","protected":false},"excerpt":{"rendered":"<p>Der Zauberk\u00fcnstler nimmt einen grossen Schl\u00fcssel zur Hand und l\u00e4sst ihn von einem Zuseher untersuchen. Dann legt er den Schl\u00fcssel auf seine Handfl\u00e4che, spricht einige Beschw\u00f6rungsworte und schon beginnt der Schl\u00fcssel, sich ganz langsam zu bewegen, bis er sich schliesslich ganz umdreht. Auch nach der Vorf\u00fchrung kann der Schl\u00fcssel untersucht werden. Ein telekinetischer Effekt der [&hellip;]<\/p>\n","protected":false},"featured_media":1239,"comment_status":"open","ping_status":"closed","template":"","meta":[],"product_brand":[],"product_cat":[66],"product_tag":[],"class_list":{"0":"post-2108","1":"product","2":"type-product","3":"status-publish","4":"has-post-thumbnail","6":"product_cat-close-up-2","8":"first","9":"instock","10":"taxable","11":"shipping-taxable","12":"purchasable","13":"product-type-simple"},"yoast_head":"<!-- This site is optimized with the Yoast SEO plugin v27.5 - https:\/\/yoast.com\/product\/yoast-seo-wordpress\/ -->\n<title>Haunted Key - Vienna Magic<\/title>\n<meta name=\"robots\" content=\"index, follow, max-snippet:-1, max-image-preview:large, max-video-preview:-1\" \/>\n<link rel=\"canonical\" href=\"https:\/\/www.viennamagic.com\/?product=haunted-key\" \/>\n<meta property=\"og:locale\" content=\"de_DE\" \/>\n<meta property=\"og:type\" content=\"article\" \/>\n<meta property=\"og:title\" content=\"Haunted Key - Vienna Magic\" \/>\n<meta property=\"og:description\" content=\"Der Zauberk\u00fcnstler nimmt einen grossen Schl\u00fcssel zur Hand und l\u00e4sst ihn von einem Zuseher untersuchen. Dann legt er den Schl\u00fcssel auf seine Handfl\u00e4che, spricht einige Beschw\u00f6rungsworte und schon beginnt der Schl\u00fcssel, sich ganz langsam zu bewegen, bis er sich schliesslich ganz umdreht. Auch nach der Vorf\u00fchrung kann der Schl\u00fcssel untersucht werden. Ein telekinetischer Effekt der [&hellip;]\" \/>\n<meta property=\"og:url\" content=\"https:\/\/www.viennamagic.com\/?product=haunted-key\" \/>\n<meta property=\"og:site_name\" content=\"Vienna Magic\" \/>\n<meta property=\"article:modified_time\" content=\"2021-12-12T07:41:05+00:00\" \/>\n<meta property=\"og:image\" content=\"https:\/\/www.viennamagic.com\/wp-content\/uploads\/2021\/11\/hauntedkey_gr.jpg\" \/>\n\t<meta property=\"og:image:width\" content=\"300\" \/>\n\t<meta property=\"og:image:height\" content=\"218\" \/>\n\t<meta property=\"og:image:type\" content=\"image\/jpeg\" \/>\n<meta name=\"twitter:card\" content=\"summary_large_image\" \/>\n<meta name=\"twitter:label1\" content=\"Gesch\u00e4tzte Lesezeit\" \/>\n\t<meta name=\"twitter:data1\" content=\"1\u00a0Minute\" \/>\n<script type=\"application\/ld+json\" class=\"yoast-schema-graph\">{\"@context\":\"https:\\\/\\\/schema.org\",\"@graph\":[{\"@type\":\"WebPage\",\"@id\":\"https:\\\/\\\/www.viennamagic.com\\\/?product=haunted-key\",\"url\":\"https:\\\/\\\/www.viennamagic.com\\\/?product=haunted-key\",\"name\":\"Haunted Key - Vienna Magic\",\"isPartOf\":{\"@id\":\"https:\\\/\\\/www.viennamagic.com\\\/#website\"},\"primaryImageOfPage\":{\"@id\":\"https:\\\/\\\/www.viennamagic.com\\\/?product=haunted-key#primaryimage\"},\"image\":{\"@id\":\"https:\\\/\\\/www.viennamagic.com\\\/?product=haunted-key#primaryimage\"},\"thumbnailUrl\":\"https:\\\/\\\/www.viennamagic.com\\\/wp-content\\\/uploads\\\/2021\\\/11\\\/hauntedkey_gr.jpg\",\"datePublished\":\"2021-11-22T18:10:51+00:00\",\"dateModified\":\"2021-12-12T07:41:05+00:00\",\"breadcrumb\":{\"@id\":\"https:\\\/\\\/www.viennamagic.com\\\/?product=haunted-key#breadcrumb\"},\"inLanguage\":\"de\",\"potentialAction\":[{\"@type\":\"ReadAction\",\"target\":[\"https:\\\/\\\/www.viennamagic.com\\\/?product=haunted-key\"]}]},{\"@type\":\"ImageObject\",\"inLanguage\":\"de\",\"@id\":\"https:\\\/\\\/www.viennamagic.com\\\/?product=haunted-key#primaryimage\",\"url\":\"https:\\\/\\\/www.viennamagic.com\\\/wp-content\\\/uploads\\\/2021\\\/11\\\/hauntedkey_gr.jpg\",\"contentUrl\":\"https:\\\/\\\/www.viennamagic.com\\\/wp-content\\\/uploads\\\/2021\\\/11\\\/hauntedkey_gr.jpg\",\"width\":300,\"height\":218},{\"@type\":\"BreadcrumbList\",\"@id\":\"https:\\\/\\\/www.viennamagic.com\\\/?product=haunted-key#breadcrumb\",\"itemListElement\":[{\"@type\":\"ListItem\",\"position\":1,\"name\":\"Startseite\",\"item\":\"https:\\\/\\\/www.viennamagic.com\\\/\"},{\"@type\":\"ListItem\",\"position\":2,\"name\":\"Produkte\",\"item\":\"https:\\\/\\\/www.viennamagic.com\\\/?post_type=product\"},{\"@type\":\"ListItem\",\"position\":3,\"name\":\"Haunted Key\"}]},{\"@type\":\"WebSite\",\"@id\":\"https:\\\/\\\/www.viennamagic.com\\\/#website\",\"url\":\"https:\\\/\\\/www.viennamagic.com\\\/\",\"name\":\"Vienna Magic\",\"description\":\"\",\"potentialAction\":[{\"@type\":\"SearchAction\",\"target\":{\"@type\":\"EntryPoint\",\"urlTemplate\":\"https:\\\/\\\/www.viennamagic.com\\\/?s={search_term_string}\"},\"query-input\":{\"@type\":\"PropertyValueSpecification\",\"valueRequired\":true,\"valueName\":\"search_term_string\"}}],\"inLanguage\":\"de\"}]}<\/script>\n<!-- \/ Yoast SEO plugin. -->","yoast_head_json":{"title":"Haunted Key - Vienna Magic","robots":{"index":"index","follow":"follow","max-snippet":"max-snippet:-1","max-image-preview":"max-image-preview:large","max-video-preview":"max-video-preview:-1"},"canonical":"https:\/\/www.viennamagic.com\/?product=haunted-key","og_locale":"de_DE","og_type":"article","og_title":"Haunted Key - Vienna Magic","og_description":"Der Zauberk\u00fcnstler nimmt einen grossen Schl\u00fcssel zur Hand und l\u00e4sst ihn von einem Zuseher untersuchen. Dann legt er den Schl\u00fcssel auf seine Handfl\u00e4che, spricht einige Beschw\u00f6rungsworte und schon beginnt der Schl\u00fcssel, sich ganz langsam zu bewegen, bis er sich schliesslich ganz umdreht. Auch nach der Vorf\u00fchrung kann der Schl\u00fcssel untersucht werden. Ein telekinetischer Effekt der [&hellip;]","og_url":"https:\/\/www.viennamagic.com\/?product=haunted-key","og_site_name":"Vienna Magic","article_modified_time":"2021-12-12T07:41:05+00:00","og_image":[{"width":300,"height":218,"url":"https:\/\/www.viennamagic.com\/wp-content\/uploads\/2021\/11\/hauntedkey_gr.jpg","type":"image\/jpeg"}],"twitter_card":"summary_large_image","twitter_misc":{"Gesch\u00e4tzte Lesezeit":"1\u00a0Minute"},"schema":{"@context":"https:\/\/schema.org","@graph":[{"@type":"WebPage","@id":"https:\/\/www.viennamagic.com\/?product=haunted-key","url":"https:\/\/www.viennamagic.com\/?product=haunted-key","name":"Haunted Key - Vienna Magic","isPartOf":{"@id":"https:\/\/www.viennamagic.com\/#website"},"primaryImageOfPage":{"@id":"https:\/\/www.viennamagic.com\/?product=haunted-key#primaryimage"},"image":{"@id":"https:\/\/www.viennamagic.com\/?product=haunted-key#primaryimage"},"thumbnailUrl":"https:\/\/www.viennamagic.com\/wp-content\/uploads\/2021\/11\/hauntedkey_gr.jpg","datePublished":"2021-11-22T18:10:51+00:00","dateModified":"2021-12-12T07:41:05+00:00","breadcrumb":{"@id":"https:\/\/www.viennamagic.com\/?product=haunted-key#breadcrumb"},"inLanguage":"de","potentialAction":[{"@type":"ReadAction","target":["https:\/\/www.viennamagic.com\/?product=haunted-key"]}]},{"@type":"ImageObject","inLanguage":"de","@id":"https:\/\/www.viennamagic.com\/?product=haunted-key#primaryimage","url":"https:\/\/www.viennamagic.com\/wp-content\/uploads\/2021\/11\/hauntedkey_gr.jpg","contentUrl":"https:\/\/www.viennamagic.com\/wp-content\/uploads\/2021\/11\/hauntedkey_gr.jpg","width":300,"height":218},{"@type":"BreadcrumbList","@id":"https:\/\/www.viennamagic.com\/?product=haunted-key#breadcrumb","itemListElement":[{"@type":"ListItem","position":1,"name":"Startseite","item":"https:\/\/www.viennamagic.com\/"},{"@type":"ListItem","position":2,"name":"Produkte","item":"https:\/\/www.viennamagic.com\/?post_type=product"},{"@type":"ListItem","position":3,"name":"Haunted Key"}]},{"@type":"WebSite","@id":"https:\/\/www.viennamagic.com\/#website","url":"https:\/\/www.viennamagic.com\/","name":"Vienna Magic","description":"","potentialAction":[{"@type":"SearchAction","target":{"@type":"EntryPoint","urlTemplate":"https:\/\/www.viennamagic.com\/?s={search_term_string}"},"query-input":{"@type":"PropertyValueSpecification","valueRequired":true,"valueName":"search_term_string"}}],"inLanguage":"de"}]}},"_links":{"self":[{"href":"https:\/\/www.viennamagic.com\/index.php?rest_route=\/wp\/v2\/product\/2108","targetHints":{"allow":["GET"]}}],"collection":[{"href":"https:\/\/www.viennamagic.com\/index.php?rest_route=\/wp\/v2\/product"}],"about":[{"href":"https:\/\/www.viennamagic.com\/index.php?rest_route=\/wp\/v2\/types\/product"}],"replies":[{"embeddable":true,"href":"https:\/\/www.viennamagic.com\/index.php?rest_route=%2Fwp%2Fv2%2Fcomments&post=2108"}],"wp:featuredmedia":[{"embeddable":true,"href":"https:\/\/www.viennamagic.com\/index.php?rest_route=\/wp\/v2\/media\/1239"}],"wp:attachment":[{"href":"https:\/\/www.viennamagic.com\/index.php?rest_route=%2Fwp%2Fv2%2Fmedia&parent=2108"}],"wp:term":[{"taxonomy":"product_brand","embeddable":true,"href":"https:\/\/www.viennamagic.com\/index.php?rest_route=%2Fwp%2Fv2%2Fproduct_brand&post=2108"},{"taxonomy":"product_cat","embeddable":true,"href":"https:\/\/www.viennamagic.com\/index.php?rest_route=%2Fwp%2Fv2%2Fproduct_cat&post=2108"},{"taxonomy":"product_tag","embeddable":true,"href":"https:\/\/www.viennamagic.com\/index.php?rest_route=%2Fwp%2Fv2%2Fproduct_tag&post=2108"}],"curies":[{"name":"wp","href":"https:\/\/api.w.org\/{rel}","templated":true}]}}