{"id":2105,"date":"2021-11-22T18:10:41","date_gmt":"2021-11-22T18:10:41","guid":{"rendered":"https:\/\/viennamagic.com.85-25-43-18.atlantic717.startdedicated.de\/?product=okito-coin-box"},"modified":"2025-06-06T18:16:10","modified_gmt":"2025-06-06T18:16:10","slug":"okito-coin-box","status":"publish","type":"product","link":"https:\/\/www.viennamagic.com\/?product=okito-coin-box","title":{"rendered":"Okito Coin Box"},"content":{"rendered":"<p>Eine geborgte M\u00fcnze wird in die Box gelegt, dann wird der Deckel verschlossen. Ein Zauberspruch, und schon hat die M\u00fcnze den Dosenboden durchdrungen oder taucht in der Hosentasche des Magiers wieder auf, oder&#8230; Ein Universal-Requisit mit zahlreichen M\u00f6glichkeiten!<\/p>\n<p>Der klassische Close-Up Trick in einer sch\u00f6nen Ausf\u00fchrung aus Messing, f\u00fcr Euro-M\u00fcnzen geeignet!<\/p>\n<p>&nbsp;<\/p>\n<p><strong><span style=\"color: #cc0000;font-family: Courier New;font-size: x-large\">SONDERPREIS!<\/span><\/strong><\/p>\n<p>&nbsp;<\/p>\n<p>&nbsp;<\/p>\n","protected":false},"excerpt":{"rendered":"<p>Eine geborgte M\u00fcnze wird in die Box gelegt, dann wird der Deckel verschlossen. Ein Zauberspruch, und schon hat die M\u00fcnze den Dosenboden durchdrungen oder taucht in der Hosentasche des Magiers wieder auf, oder&#8230; Ein Universal-Requisit mit zahlreichen M\u00f6glichkeiten! Der klassische Close-Up Trick in einer sch\u00f6nen Ausf\u00fchrung aus Messing, f\u00fcr Euro-M\u00fcnzen geeignet! &nbsp; SONDERPREIS! &nbsp; &nbsp;<\/p>\n","protected":false},"featured_media":1347,"comment_status":"open","ping_status":"closed","template":"","meta":[],"product_brand":[],"product_cat":[66],"product_tag":[],"class_list":{"0":"post-2105","1":"product","2":"type-product","3":"status-publish","4":"has-post-thumbnail","6":"product_cat-close-up-2","8":"first","9":"instock","10":"taxable","11":"shipping-taxable","12":"purchasable","13":"product-type-simple"},"yoast_head":"<!-- This site is optimized with the Yoast SEO plugin v27.5 - https:\/\/yoast.com\/product\/yoast-seo-wordpress\/ -->\n<title>Okito Coin Box - Vienna Magic<\/title>\n<meta name=\"robots\" content=\"index, follow, max-snippet:-1, max-image-preview:large, max-video-preview:-1\" \/>\n<link rel=\"canonical\" href=\"https:\/\/www.viennamagic.com\/?product=okito-coin-box\" \/>\n<meta property=\"og:locale\" content=\"de_DE\" \/>\n<meta property=\"og:type\" content=\"article\" \/>\n<meta property=\"og:title\" content=\"Okito Coin Box - Vienna Magic\" \/>\n<meta property=\"og:description\" content=\"Eine geborgte M\u00fcnze wird in die Box gelegt, dann wird der Deckel verschlossen. Ein Zauberspruch, und schon hat die M\u00fcnze den Dosenboden durchdrungen oder taucht in der Hosentasche des Magiers wieder auf, oder&#8230; Ein Universal-Requisit mit zahlreichen M\u00f6glichkeiten! Der klassische Close-Up Trick in einer sch\u00f6nen Ausf\u00fchrung aus Messing, f\u00fcr Euro-M\u00fcnzen geeignet! &nbsp; SONDERPREIS! &nbsp; &nbsp;\" \/>\n<meta property=\"og:url\" content=\"https:\/\/www.viennamagic.com\/?product=okito-coin-box\" \/>\n<meta property=\"og:site_name\" content=\"Vienna Magic\" \/>\n<meta property=\"article:modified_time\" content=\"2025-06-06T18:16:10+00:00\" \/>\n<meta property=\"og:image\" content=\"https:\/\/www.viennamagic.com\/wp-content\/uploads\/2021\/11\/okito_gr.jpg\" \/>\n\t<meta property=\"og:image:width\" content=\"300\" \/>\n\t<meta property=\"og:image:height\" content=\"257\" \/>\n\t<meta property=\"og:image:type\" content=\"image\/jpeg\" \/>\n<meta name=\"twitter:card\" content=\"summary_large_image\" \/>\n<meta name=\"twitter:label1\" content=\"Gesch\u00e4tzte Lesezeit\" \/>\n\t<meta name=\"twitter:data1\" content=\"1\u00a0Minute\" \/>\n<script type=\"application\/ld+json\" class=\"yoast-schema-graph\">{\"@context\":\"https:\\\/\\\/schema.org\",\"@graph\":[{\"@type\":\"WebPage\",\"@id\":\"https:\\\/\\\/www.viennamagic.com\\\/?product=okito-coin-box\",\"url\":\"https:\\\/\\\/www.viennamagic.com\\\/?product=okito-coin-box\",\"name\":\"Okito Coin Box - Vienna Magic\",\"isPartOf\":{\"@id\":\"https:\\\/\\\/www.viennamagic.com\\\/#website\"},\"primaryImageOfPage\":{\"@id\":\"https:\\\/\\\/www.viennamagic.com\\\/?product=okito-coin-box#primaryimage\"},\"image\":{\"@id\":\"https:\\\/\\\/www.viennamagic.com\\\/?product=okito-coin-box#primaryimage\"},\"thumbnailUrl\":\"https:\\\/\\\/www.viennamagic.com\\\/wp-content\\\/uploads\\\/2021\\\/11\\\/okito_gr.jpg\",\"datePublished\":\"2021-11-22T18:10:41+00:00\",\"dateModified\":\"2025-06-06T18:16:10+00:00\",\"breadcrumb\":{\"@id\":\"https:\\\/\\\/www.viennamagic.com\\\/?product=okito-coin-box#breadcrumb\"},\"inLanguage\":\"de\",\"potentialAction\":[{\"@type\":\"ReadAction\",\"target\":[\"https:\\\/\\\/www.viennamagic.com\\\/?product=okito-coin-box\"]}]},{\"@type\":\"ImageObject\",\"inLanguage\":\"de\",\"@id\":\"https:\\\/\\\/www.viennamagic.com\\\/?product=okito-coin-box#primaryimage\",\"url\":\"https:\\\/\\\/www.viennamagic.com\\\/wp-content\\\/uploads\\\/2021\\\/11\\\/okito_gr.jpg\",\"contentUrl\":\"https:\\\/\\\/www.viennamagic.com\\\/wp-content\\\/uploads\\\/2021\\\/11\\\/okito_gr.jpg\",\"width\":300,\"height\":257},{\"@type\":\"BreadcrumbList\",\"@id\":\"https:\\\/\\\/www.viennamagic.com\\\/?product=okito-coin-box#breadcrumb\",\"itemListElement\":[{\"@type\":\"ListItem\",\"position\":1,\"name\":\"Startseite\",\"item\":\"https:\\\/\\\/www.viennamagic.com\\\/\"},{\"@type\":\"ListItem\",\"position\":2,\"name\":\"Produkte\",\"item\":\"https:\\\/\\\/www.viennamagic.com\\\/?post_type=product\"},{\"@type\":\"ListItem\",\"position\":3,\"name\":\"Okito Coin Box\"}]},{\"@type\":\"WebSite\",\"@id\":\"https:\\\/\\\/www.viennamagic.com\\\/#website\",\"url\":\"https:\\\/\\\/www.viennamagic.com\\\/\",\"name\":\"Vienna Magic\",\"description\":\"\",\"potentialAction\":[{\"@type\":\"SearchAction\",\"target\":{\"@type\":\"EntryPoint\",\"urlTemplate\":\"https:\\\/\\\/www.viennamagic.com\\\/?s={search_term_string}\"},\"query-input\":{\"@type\":\"PropertyValueSpecification\",\"valueRequired\":true,\"valueName\":\"search_term_string\"}}],\"inLanguage\":\"de\"}]}<\/script>\n<!-- \/ Yoast SEO plugin. -->","yoast_head_json":{"title":"Okito Coin Box - Vienna Magic","robots":{"index":"index","follow":"follow","max-snippet":"max-snippet:-1","max-image-preview":"max-image-preview:large","max-video-preview":"max-video-preview:-1"},"canonical":"https:\/\/www.viennamagic.com\/?product=okito-coin-box","og_locale":"de_DE","og_type":"article","og_title":"Okito Coin Box - Vienna Magic","og_description":"Eine geborgte M\u00fcnze wird in die Box gelegt, dann wird der Deckel verschlossen. Ein Zauberspruch, und schon hat die M\u00fcnze den Dosenboden durchdrungen oder taucht in der Hosentasche des Magiers wieder auf, oder&#8230; Ein Universal-Requisit mit zahlreichen M\u00f6glichkeiten! Der klassische Close-Up Trick in einer sch\u00f6nen Ausf\u00fchrung aus Messing, f\u00fcr Euro-M\u00fcnzen geeignet! &nbsp; SONDERPREIS! &nbsp; &nbsp;","og_url":"https:\/\/www.viennamagic.com\/?product=okito-coin-box","og_site_name":"Vienna Magic","article_modified_time":"2025-06-06T18:16:10+00:00","og_image":[{"width":300,"height":257,"url":"https:\/\/www.viennamagic.com\/wp-content\/uploads\/2021\/11\/okito_gr.jpg","type":"image\/jpeg"}],"twitter_card":"summary_large_image","twitter_misc":{"Gesch\u00e4tzte Lesezeit":"1\u00a0Minute"},"schema":{"@context":"https:\/\/schema.org","@graph":[{"@type":"WebPage","@id":"https:\/\/www.viennamagic.com\/?product=okito-coin-box","url":"https:\/\/www.viennamagic.com\/?product=okito-coin-box","name":"Okito Coin Box - Vienna Magic","isPartOf":{"@id":"https:\/\/www.viennamagic.com\/#website"},"primaryImageOfPage":{"@id":"https:\/\/www.viennamagic.com\/?product=okito-coin-box#primaryimage"},"image":{"@id":"https:\/\/www.viennamagic.com\/?product=okito-coin-box#primaryimage"},"thumbnailUrl":"https:\/\/www.viennamagic.com\/wp-content\/uploads\/2021\/11\/okito_gr.jpg","datePublished":"2021-11-22T18:10:41+00:00","dateModified":"2025-06-06T18:16:10+00:00","breadcrumb":{"@id":"https:\/\/www.viennamagic.com\/?product=okito-coin-box#breadcrumb"},"inLanguage":"de","potentialAction":[{"@type":"ReadAction","target":["https:\/\/www.viennamagic.com\/?product=okito-coin-box"]}]},{"@type":"ImageObject","inLanguage":"de","@id":"https:\/\/www.viennamagic.com\/?product=okito-coin-box#primaryimage","url":"https:\/\/www.viennamagic.com\/wp-content\/uploads\/2021\/11\/okito_gr.jpg","contentUrl":"https:\/\/www.viennamagic.com\/wp-content\/uploads\/2021\/11\/okito_gr.jpg","width":300,"height":257},{"@type":"BreadcrumbList","@id":"https:\/\/www.viennamagic.com\/?product=okito-coin-box#breadcrumb","itemListElement":[{"@type":"ListItem","position":1,"name":"Startseite","item":"https:\/\/www.viennamagic.com\/"},{"@type":"ListItem","position":2,"name":"Produkte","item":"https:\/\/www.viennamagic.com\/?post_type=product"},{"@type":"ListItem","position":3,"name":"Okito Coin Box"}]},{"@type":"WebSite","@id":"https:\/\/www.viennamagic.com\/#website","url":"https:\/\/www.viennamagic.com\/","name":"Vienna Magic","description":"","potentialAction":[{"@type":"SearchAction","target":{"@type":"EntryPoint","urlTemplate":"https:\/\/www.viennamagic.com\/?s={search_term_string}"},"query-input":{"@type":"PropertyValueSpecification","valueRequired":true,"valueName":"search_term_string"}}],"inLanguage":"de"}]}},"_links":{"self":[{"href":"https:\/\/www.viennamagic.com\/index.php?rest_route=\/wp\/v2\/product\/2105","targetHints":{"allow":["GET"]}}],"collection":[{"href":"https:\/\/www.viennamagic.com\/index.php?rest_route=\/wp\/v2\/product"}],"about":[{"href":"https:\/\/www.viennamagic.com\/index.php?rest_route=\/wp\/v2\/types\/product"}],"replies":[{"embeddable":true,"href":"https:\/\/www.viennamagic.com\/index.php?rest_route=%2Fwp%2Fv2%2Fcomments&post=2105"}],"wp:featuredmedia":[{"embeddable":true,"href":"https:\/\/www.viennamagic.com\/index.php?rest_route=\/wp\/v2\/media\/1347"}],"wp:attachment":[{"href":"https:\/\/www.viennamagic.com\/index.php?rest_route=%2Fwp%2Fv2%2Fmedia&parent=2105"}],"wp:term":[{"taxonomy":"product_brand","embeddable":true,"href":"https:\/\/www.viennamagic.com\/index.php?rest_route=%2Fwp%2Fv2%2Fproduct_brand&post=2105"},{"taxonomy":"product_cat","embeddable":true,"href":"https:\/\/www.viennamagic.com\/index.php?rest_route=%2Fwp%2Fv2%2Fproduct_cat&post=2105"},{"taxonomy":"product_tag","embeddable":true,"href":"https:\/\/www.viennamagic.com\/index.php?rest_route=%2Fwp%2Fv2%2Fproduct_tag&post=2105"}],"curies":[{"name":"wp","href":"https:\/\/api.w.org\/{rel}","templated":true}]}}